base 15) in base 4?
123212033
What is -2eb126 (base 15) in base 12?
-912846
Convert 130210122 (base 4) to base 16.
1c91a
What is 10110000111100001000 (base 2) in base 12?
2ab4b4
Convert -110001111111100000 (base 2) to base 16.
-31fe0
24643255 (base 7) to base 3
11012021000111
Convert -1011000000101101111 (base 2) to base 6.
-11422235
-12691 (base 16) to base 5
-4403114
Convert -202000211200 (base 3) to base 16.
-60420
2838 (base 13) to base 8
13241
-217ba (base 14) to base 13
-2abc5
5c0061 (base 15) to base 11
2539160
-2c578 (base 15) to base 3
-21021010212
-7339 (base 12) to base 13
-5952
-111101011111000001 (base 2) to base 8
-753701
Convert 40bf2 (base 16) to base 14.
6c910
What is 8b348 (base 13) in base 5?
31100342
-40043403 (base 7) to base 13
-8b9431
-2214461 (base 9) to base 16
-122bb4
What is 164a80 (base 11) in base 4?
332120133
Convert 358291 (base 10) to base 6.
11402431
-738767 (base 9) to base 14
-b623c
63460 (base 11) to base 14
25953
What is -216175 (base 8) in base 13?
-271c3
Convert -7770001 (base 8) to base 3.
-10221100010122
What is 22654 (base 13) in base 10?
62599
What is 232310030 (base 4) in base 9?
322032
4119b2 (base 13) to base 2
101110010100000011100
What is -10463373 (base 8) in base 15?
-2e805c
Convert -41744 (base 8) to base 13.
-7bac
What is -316114 (base 8) in base 10?
-105548
Convert 6b0887 (base 13) to base 4.
21230330200
Convert -1c88a (base 13) to base 14.
-1679d
-32223233011 (base 4) to base 14
-722a7b
Convert -9c8948 (base 13) to base 6.
-211213542
What is 3386a1 (base 12) in base 16?
c90d9
68888 (base 11) to base 13
36414
What is 31233202 (base 4) in base 8?
155742
What is -3a543 (base 14) in base 12?
-6b213
What is 14153 (base 7) in base 14?
159a
2ee89c (base 15) to base 6
120444133
de721 (base 16) to base 14
19a093
What is -1111011010100100101 (base 2) in base 7?
-4202445
What is 330333 (base 4) in base 12?
2313
Convert -223442 (base 6) to base 12.
-ab82
Convert 1100112220202 (base 3) to base 13.
1c2623
What is -105478a (base 15) in base 12?
-3aa30b7
What is -2a153 (base 16) in base 2?
-101010000101010011
Convert -2c227c (base 13) to base 6.
-35211001
1054205 (base 7) to base 5
13144004
Convert 59634 (base 14) to base 5.
23433443
What is 11000101000001010111 (base 2) in base 11?
501346
What is -1001000101001100010110 (base 2) in base 12?
-969786
653b3 (base 14) to base 9
413018
Convert -445223 (base 10) to base 15.
-8bdb8
Convert 1001101110101011010 (base 2) to base 3.
121012022210
Convert 76657764 (base 8) to base 15.
16a6335
What is -148332 (base 14) in base 4?
-2232111120
24235 (base 11) to base 5
2104021
122201223 (base 4) to base 5
11434101
-17b492 (base 13) to base 11
-377a14
3076d9 (base 14) to base 4
12032323333
Convert -255045544 (base 6) to base 12.
-18108b4
Convert 4856d (base 14) to base 2.
101011001000110101
Convert -334272 (base 11) to base 9.
-1001672
What is -93970 (base 11) in base 6?
-2533532
Convert 111010011001000101011 (base 2) to base 6.
105002135
-4100223 (base 5) to base 13
-23b8c
Convert -120344 (base 9) to base 10.
-72454
What is 10211140011 (base 5) in base 8?
50471360
-1414402240 (base 5) to base 3
-20220102000111
Convert 417454 (base 13) to base 6.
52442401
Convert -2941a (base 13) to base 16.
-12f1a
Convert -11511710 (base 8) to base 7.
-30326563
What is -d958 (base 16) in base 10?
-55640
30526106 (base 8) to base 14
c04902
-134636 (base 8) to base 10
-47518
Convert 32223310 (base 4) to base 7.
340234
What is 400241302 (base 6) in base 13?
151c7b1
What is -12150345 (base 6) in base 14?
-a13a9
-330412313 (base 5) to base 12
-585710
What is 11100010001100111101 (base 2) in base 11?
583126
22d35c (base 14) to base 11
7421a8
What is -11100101010101 (base 2) in base 7?
-60535
Convert 1000100010000010 (base 2) to base 6.
425442
Convert -24276 (base 15) to base 4.
-130021233
What is 3101201323 (base 4) in base 12?
3547b7
33331202303 (base 4) to base 8
17754263
Convert -2011212122 (base 5) to base 2.
-1111010010010011111010
What is -336df7 (base 16) in base 2?
-1100110110110111110111
What is -3167086 (base 9) in base 2?
-110011110100001111111
What is 7452a4 (base 11) in base 16?
1233e4
Convert -98466 (base 10) to base 12.
-48b96
-194800 (base 16) to base 14
-311b32
2011221021121 (base 3) to base 12
47b3a4
1354006 (base 8) to base 15
78722
4305135 (base 7) to base 16
7fa37
Convert -3a6580 (base 12) to base 13.
-27a33b
Convert 7045442 (base 9) to base 16.
3939c2
What is -555816 (base 12) in base 9?
-2488310
What is -114420001 (base 5) in base 6?
-15403053
Convert -9b5165 (base 12) to base 6.
-125025005
Convert 39694 (base 13) to base 12.
51827
Convert -25793 (base 15) to base 2.
-11101010000011110
What is -4051273 (base 8) in base 16?
-1052bb
Convert -3376a9 (base 15) to base 11.
-1427640
-78727 (base 10) to base 15
-184d7
Convert -130539 (base 10) to base 13.
-47556
Convert -146633 (base 7) to base 8.
-70163
-1312563 (base 7) to base 15
-35bec
What is -1737455 (base 8) in base 7?
-4213104
Convert -b0c47f (base 16) to base 12.
-3a680a7
-4ee7c (base 15) to base 16
-3dc59
4445105 (base 6) to base 11
143357
-33312334 (base 5) to base 6
-10125550
Convert -336102 (base 10) to base 4.
-1102003212
10024324 (base 6) to base 5
33033031
Convert 15cf0 (base 16) to base 9.
145473
10110011011110101100001 (base 2) to base 15
7b2890
Convert 4950a1 (base 13) to base 10.
1753337
-124366230 (base 7) to base 5
-4013340422
Convert -210234330 (base 6) to base 16.
-37d74e
What is 124713 (base 12) in base 6?
10220423
-115233422 (base 6) to base 12
-8a8872
Convert -102011120212 (base 3) to base 8.
-655321
What is 35456150 (base 7) in base 3?
12220112121112
-202101103022 (base 4) to base 11
-508669a
What is -32792 (base 10) in base 12?
-16b88
6306456 (base 12) to base 4
1013032330002
Convert 550083 (base 9) to base 3.
121200002210
What is 19b45 (base 15) in base 9?
136532
Convert 3a2ef3 (base 16) to base 10.
3813107
What is -16857866 (base 10) in base 5?
-13303422431
496365 (base 12) to base 10
1192829
What is -100220000110101 (base 3) in base 11?
-2a6a755
What is -30ac6 (base 15) in base 2?
-100101101011000111
-2b7579 (base 13) to base 12
-438bb5
Convert 441328 (base 9) to base 13.
92ba6
-1817eb (base 15) to base 2
-100011101100010001010
Convert -22112112111 (base 3) to base 10.
-168061
Convert 1023279 (base 10) to base 13.
29a9ba
What is 1564422 (base 7) in base 9?
361530
Convert -417944 (base 13) to base 11.
-956036
What is 1417329 (base 10) in base 7?
15022104
Convert 1e5 (base 15) to base 11.
370
What is -122010100020 (base 3) in base 9?
-563306
-25043432 (base 6) to base 4
-3003012230
-b8845b (base 14) to base 4
-113310331001
Convert 1010202232 (base 4) to base 10.
280750
2291187 (base 12) to base 2
11001011001100010110111
13434400 (base 5) to base 9
233007
What is 4ba461 (base 15) in base 7?
42563341
13202300331 (base 4) to base 2
111100010110000111101
Convert -83eb8 (base 15) to base 9.
-707002
22a4b8 (base 12) to base 8
2100114
Convert 13302013 (base 7) to base 13.
33c9c4
What is 127674 (base 9) in base 15?
180d7
-101011110001100001000 (base 2) to base 11
-89a739
Convert 11210100 (base 4) to base 11.
16148
What is 1b808 (base 15) in base 16?
15dd6
What is -125554051 (base 6) in base 10?
-2519023
2ca68 (base 13) to base 7
503402
40341 (base 6) to base 15
1897
What is -250525155 (base 6) in base 15?
-64ca25
What is -201222220 (base 3) in base 4?
-3203301
-3287389 (base 11) to base 6
-323311430
What is -1e52d (base 15) in base 13?
-36109
What is 1030303002 (base 4) in base 2?
1001100110011000010
Convert -11022212000 (base 3) to base 9.
-138760
What is -6356171 (base 8) in base 16?
-19dc79
Convert -1010210020211 (base 3) to base 11.
-384314
Convert -11100011010001011010 (base 2) to base 16.
-e345a
13165840 (base 9) to base 11
3726602
10436712 (base 8) to base 7
25034253
Convert 132161 (base 7) to base 12.
12418
Convert -2102310012 (base 4) to base 10.
-601350
Convert -5675d (base 15) to base 11.
-178705
Convert 2223876 (base 9) to base 11.
748368
What is 107837 (base 10) in base 5?
11422322
What is 22101112120 (base 3) in base 13?
5a228
Convert 2102210102 (base 3) to base 10.
47963
-100222021 (base 4) to base 15
-1533d
What is 359230 (base 10) in base 11?
225993
41120031 (base 6) to base 11
734157